{"id":75270,"date":"2024-06-07T11:50:10","date_gmt":"2024-06-07T10:50:10","guid":{"rendered":"https:\/\/swisstechauto.ch\/produit\/kw-0-15-0-20-gewindefedern\/"},"modified":"2026-03-15T21:23:23","modified_gmt":"2026-03-15T20:23:23","slug":"kw-gewindefedern-0-15-0-20-fuer-audi-rs3","status":"publish","type":"product","link":"https:\/\/swisstechauto.ch\/de\/produkt\/kw-gewindefedern-0-15-0-20-fuer-audi-rs3\/","title":{"rendered":"KW Gewindefedern 0-15\/0-20 f\u00fcr AUDI RS3"},"content":{"rendered":"<p><strong>KW Gewindefedern 0-15\/0-20 f\u00fcr AUDI RS3<\/strong><\/p>\n<p>Der Federsatz mit progressiver Absenkung<\/p>\n<p>KW-Gewindefedern werden in Kombination mit den serienm\u00e4\u00dfigen Sto\u00dfd\u00e4mpfern zum Tieferlegen des Fahrzeugs verwendet. Im Gegensatz zu herk\u00f6mmlichen Feders\u00e4tzen ist innerhalb des getesteten Einstellbereichs eine individuelle H\u00f6heneinstellung m\u00f6glich. Diese L\u00f6sung umfasst fahrzeugspezifische Federhalter mit darauf abgestimmten KW-Tieferlegungsfedern, geeigneten Elastomeren sowie Staubschutzsystemen. Das serienm\u00e4\u00dfige D\u00e4mpfersystem, beispielsweise elektronisch oder hydraulisch gesteuert, bleibt aktiv.   <\/p>\n<p><strong>Konfiguration \u2013 sportliche und harmonische Federn<\/strong><br \/>\nDie Federrate der von KW verwendeten hochwertigen Chrom-Silizium-Stahlfedern ist auf die fahrzeugspezifischen Sto\u00dfd\u00e4mpfer und Radlasten abgestimmt. Bei der Entwicklung der jeweiligen Feders\u00e4tze ber\u00fccksichtigen wir, dass die Federraten auch perfekt auf die unterschiedlichen D\u00e4mpfungseigenschaften Ihres adaptiven Serienfahrwerks abgestimmt sind. Mit einem KW Gewindefedersatz k\u00f6nnen Sie Ihr Fahrzeug direkter und dynamischer erleben. Die KW Gewindefedern eignen sich f\u00fcr Fahrer, die ihr Fahrzeug sanft tieferlegen und von einem individuellen Einstellbereich profitieren m\u00f6chten.   <\/p>\n<p><strong>Stufenlose Tieferlegung<\/strong><br \/>\n\u00c4hnlich wie bei einem Gewindefahrwerk erm\u00f6glichen die KW-Gewindefedern eine stufenlose Tieferlegung in einem feinen Bereich. Dies ist mit herk\u00f6mmlichen Tieferlegungsfedern nicht m\u00f6glich. Die im Lieferumfang enthaltenen Staubschutzkappen und Federwegbegrenzer sind stets auf eine m\u00f6glichst gro\u00dfe Tieferlegung ausgelegt. Mit den h\u00f6henverstellbaren KW-Federn l\u00e4sst sich ein sportliches und harmonisches Fahrverhalten erzielen, ohne dass die Fahrdynamik leistungsorientierter Fahrzeuge beeintr\u00e4chtigt wird.   <\/p>\n","protected":false},"excerpt":{"rendered":"<hr>\n<hr>\n<table style=\"height: 251px;\" width=\"408\">\n<tbody>\n<tr>\n<td class=\"detail_attribute_name\">Artikelnummer:<\/td>\n<p><\/p>\n<td>253100DV<\/td>\n<\/tr>\n<tr>\n<td class=\"detail_attribute_name\">Tieferlegung vorne\/hinten:<\/td>\n<td>0-15mm\/0-20mm<\/td>\n<\/tr>\n<tr>\n<td class=\"detail_attribute_name\">Gewicht Vorder-\/Hinterachse:<\/td>\n<td>-1100kg\/-1080kg<\/td>\n<\/tr>\n<tr>\n<td class=\"detail_attribute_name\">Einstellungstyp:<\/td>\n<td>Filetage AV + ARR<\/td>\n<\/tr>\n<tr>\n<td class=\"detail_attribute_name\">CH-Zulassung:<\/td>\n<td>Ja<\/td>\n<\/tr>\n<tr>\n<td class=\"detail_attribute_name\">Inhalt:<\/td>\n<td>Einstellen (VO+HI)<\/td>\n<\/tr>\n<tr>\n<td class=\"detail_attribute_name\">F\u00fcr OEM-Standard-Stossd\u00e4mpfer<\/td>\n<\/tr>\n<\/tbody>\n<\/table>\n<pre id=\"tw-target-text\" class=\"tw-data-text tw-text-large tw-ta\" data-placeholder=\"Traduction\" aria-label=\"Texte traduit\" data-ved=\"2ahUKEwjr4oelpsmGAxWA4AIHHebxNvcQ3ewLegQIBxAU\"><\/pre>\n","protected":false},"featured_media":75263,"comment_status":"open","ping_status":"closed","template":"","meta":[],"pwb-brand":[13177],"product_brand":[5926],"product_cat":[5166,5546],"product_tag":[],"class_list":{"0":"post-75270","1":"product","2":"type-product","3":"status-publish","4":"has-post-thumbnail","6":"pwb-brand-kw-suspensions","7":"product_brand-kw-suspensions-de","8":"product_cat-fahrwerkstechnik","9":"product_cat-gewindefedern","11":"first","12":"instock","13":"taxable","14":"shipping-taxable","15":"purchasable","16":"product-type-simple"},"brands":[{"id":13177,"name":"KW Suspensions","slug":"kw-suspensions"}],"_links":{"self":[{"href":"https:\/\/swisstechauto.ch\/de\/wp-json\/wp\/v2\/product\/75270","targetHints":{"allow":["GET"]}}],"collection":[{"href":"https:\/\/swisstechauto.ch\/de\/wp-json\/wp\/v2\/product"}],"about":[{"href":"https:\/\/swisstechauto.ch\/de\/wp-json\/wp\/v2\/types\/product"}],"replies":[{"embeddable":true,"href":"https:\/\/swisstechauto.ch\/de\/wp-json\/wp\/v2\/comments?post=75270"}],"version-history":[{"count":0,"href":"https:\/\/swisstechauto.ch\/de\/wp-json\/wp\/v2\/product\/75270\/revisions"}],"wp:featuredmedia":[{"embeddable":true,"href":"https:\/\/swisstechauto.ch\/de\/wp-json\/wp\/v2\/media\/75263"}],"wp:attachment":[{"href":"https:\/\/swisstechauto.ch\/de\/wp-json\/wp\/v2\/media?parent=75270"}],"wp:term":[{"taxonomy":"pwb-brand","embeddable":true,"href":"https:\/\/swisstechauto.ch\/de\/wp-json\/wp\/v2\/pwb-brand?post=75270"},{"taxonomy":"product_brand","embeddable":true,"href":"https:\/\/swisstechauto.ch\/de\/wp-json\/wp\/v2\/product_brand?post=75270"},{"taxonomy":"product_cat","embeddable":true,"href":"https:\/\/swisstechauto.ch\/de\/wp-json\/wp\/v2\/product_cat?post=75270"},{"taxonomy":"product_tag","embeddable":true,"href":"https:\/\/swisstechauto.ch\/de\/wp-json\/wp\/v2\/product_tag?post=75270"}],"curies":[{"name":"wp","href":"https:\/\/api.w.org\/{rel}","templated":true}]}}

KW Gewindefedern 0-15/0-20 für AUDI RS3

<p><strong>KW Gewindefedern 0-15/0-20 für AUDI RS3</strong></p>
<p>Der Federsatz mit progressiver Absenkung</p>
<p>KW-Gewindefedern werden in Kombination mit den serienmäßigen Stoßdämpfern zum Tieferlegen des Fahrzeugs verwendet. Im Gegensatz zu herkömmlichen Federsätzen ist innerhalb des getesteten Einstellbereichs eine individuelle Höheneinstellung möglich. Diese Lösung umfasst fahrzeugspezifische Federhalter mit darauf abgestimmten KW-Tieferlegungsfedern, geeigneten Elastomeren sowie Staubschutzsystemen. Das serienmäßige Dämpfersystem, beispielsweise elektronisch oder hydraulisch gesteuert, bleibt aktiv.   </p>
<p><strong>Konfiguration – sportliche und harmonische Federn</strong><br />
Die Federrate der von KW verwendeten hochwertigen Chrom-Silizium-Stahlfedern ist auf die fahrzeugspezifischen Stoßdämpfer und Radlasten abgestimmt. Bei der Entwicklung der jeweiligen Federsätze berücksichtigen wir, dass die Federraten auch perfekt auf die unterschiedlichen Dämpfungseigenschaften Ihres adaptiven Serienfahrwerks abgestimmt sind. Mit einem KW Gewindefedersatz können Sie Ihr Fahrzeug direkter und dynamischer erleben. Die KW Gewindefedern eignen sich für Fahrer, die ihr Fahrzeug sanft tieferlegen und von einem individuellen Einstellbereich profitieren möchten.   </p>
<p><strong>Stufenlose Tieferlegung</strong><br />
Ähnlich wie bei einem Gewindefahrwerk ermöglichen die KW-Gewindefedern eine stufenlose Tieferlegung in einem feinen Bereich. Dies ist mit herkömmlichen Tieferlegungsfedern nicht möglich. Die im Lieferumfang enthaltenen Staubschutzkappen und Federwegbegrenzer sind stets auf eine möglichst große Tieferlegung ausgelegt. Mit den höhenverstellbaren KW-Federn lässt sich ein sportliches und harmonisches Fahrverhalten erzielen, ohne dass die Fahrdynamik leistungsorientierter Fahrzeuge beeinträchtigt wird.   </p>

<hr>
<hr>
<table style="height: 251px;" width="408">
<tbody>
<tr>
<td class="detail_attribute_name">Artikelnummer:</td>
<p></p>
<td>253100DV</td>
</tr>
<tr>
<td class="detail_attribute_name">Tieferlegung vorne/hinten:</td>
<td>0-15mm/0-20mm</td>
</tr>
<tr>
<td class="detail_attribute_name">Gewicht Vorder-/Hinterachse:</td>
<td>-1100kg/-1080kg</td>
</tr>
<tr>
<td class="detail_attribute_name">Einstellungstyp:</td>
<td>Filetage AV + ARR</td>
</tr>
<tr>
<td class="detail_attribute_name">CH-Zulassung:</td>
<td>Ja</td>
</tr>
<tr>
<td class="detail_attribute_name">Inhalt:</td>
<td>Einstellen (VO+HI)</td>
</tr>
<tr>
<td class="detail_attribute_name">Für OEM-Standard-Stossdämpfer</td>
</tr>
</tbody>
</table>
<pre id="tw-target-text" class="tw-data-text tw-text-large tw-ta" data-placeholder="Traduction" aria-label="Texte traduit" data-ved="2ahUKEwjr4oelpsmGAxWA4AIHHebxNvcQ3ewLegQIBxAU"></pre>
